 1333?
31, 43
List the prime factors of 1550.
2, 5, 31
What are the prime factors of 9058?
2, 7, 647
What are the prime factors of 5023?
5023
What are the prime factors of 3378?
2, 3, 563
List the prime factors of 13930.
2, 5, 7, 199
What are the prime factors of 112416?
2, 3, 1171
List the prime factors of 99338.
2, 49669
List the prime factors of 26636.
2, 6659
What are the prime factors of 5593?
7, 17, 47
What are the prime factors of 57070?
2, 5, 13, 439
What are the prime factors of 3042?
2, 3, 13
List the prime factors of 8065.
5, 1613
What are the prime factors of 952?
2, 7, 17
What are the prime factors of 14293?
14293
List the prime factors of 15617.
7, 23, 97
List the prime factors of 1862.
2, 7, 19
List the prime factors of 28513.
28513
What are the prime factors of 6326?
2, 3163
List the prime factors of 1035.
3, 5, 23
What are the prime factors of 7093?
41, 173
List the prime factors of 52877.
11, 19, 23
What are the prime factors of 46769?
46769
What are the prime factors of 16525?
5, 661
What are the prime factors of 61214?
2, 127, 241
List the prime factors of 8227.
19, 433
What are the prime factors of 19082?
2, 7, 29, 47
List the prime factors of 44288.
2, 173
What are the prime factors of 1673?
7, 239
List the prime factors of 2385.
3, 5, 53
List the prime factors of 557.
557
List the prime factors of 42240.
2, 3, 5, 11
List the prime factors of 1899.
3, 211
What are the prime factors of 946?
2, 11, 43
List the prime factors of 39263.
7, 71, 79
What are the prime factors of 28701?
3, 1063
What are the prime factors of 2822?
2, 17, 83
What are the prime factors of 9811?
9811
What are the prime factors of 1612?
2, 13, 31
What are the prime factors of 7679?
7, 1097
List the prime factors of 26308.
2, 6577
List the prime factors of 751.
751
What are the prime factors of 324?
2, 3
What are the prime factors of 129?
3, 43
What are the prime factors of 26110?
2, 5, 7, 373
What are the prime factors of 4138?
2, 2069
What are the prime factors of 7544?
2, 23, 41
What are the prime factors of 4250?
2, 5, 17
What are the prime factors of 1215?
3, 5
List the prime factors of 21598.
2, 10799
List the prime factors of 7629.
3, 2543
List the prime factors of 3184.
2, 199
What are the prime factors of 40261?
13, 19, 163
What are the prime factors of 2188?
2, 547
List the prime factors of 1057.
7, 151
List the prime factors of 1380.
2, 3, 5, 23
What are the prime factors of 2994?
2, 3, 499
What are the prime factors of 1706?
2, 853
List the prime factors of 8450.
2, 5, 13
What are the prime factors of 6938?
2, 3469
List the prime factors of 194.
2, 97
List the prime factors of 23480.
2, 5, 587
List the prime factors of 1746.
2, 3, 97
What are the prime factors of 4216?
2, 17, 31
List the prime factors of 1871.
1871
What are the prime factors of 30559?
30559
List the prime factors of 10311.
3, 7, 491
List the prime factors of 13949.
13, 29, 37
List the prime factors of 18455.
5, 3691
What are the prime factors of 3476?
2, 11, 79
What are the prime factors of 18610?
2, 5, 1861
List the prime factors of 391.
17, 23
List the prime factors of 19303.
97, 199
What are the prime factors of 39144?
2, 3, 7, 233
What are the prime factors of 561?
3, 11, 17
List the prime factors of 283.
283
List the prime factors of 886.
2, 443
What are the prime factors of 1429?
1429
What are the prime factors of 16594?
2, 8297
What are the prime factors of 10969?
7, 1567
What are the prime factors of 4558?
2, 43, 53
List the prime factors of 66.
2, 3, 11
What are the prime factors of 1000?
2, 5
What are the prime factors of 2455?
5, 491
List the prime factors of 11797.
47, 251
What are the prime factors of 13696?
2, 107
What are the prime factors of 2142?
2, 3, 7, 17
What are the prime factors of 1106?
2, 7, 79
List the prime factors of 9688.
2, 7, 173
What are the prime factors of 859?
859
List the prime factors of 2650.
2, 5, 53
What are the prime factors of 27?
3
What are the prime factors of 28269?
3, 349
What are the prime factors of 684?
2, 3, 19
List the prime factors of 3082.
2, 23, 67
What are the prime factors of 5728?
2, 179
List the prime factors of 395.
5, 79
What are the prime factors of 66137?
66137
List the prime factors of 33629.
33629
List the prime factors of 394.
2, 197
What are the prime factors of 5822?
2, 41, 71
What are the prime factors of 37775?
5, 1511
What are the prime factors of 29813?
7, 4259
What are the prime factors of 41715?
3, 5, 103
What are the prime factors of 14124?
2, 3, 11, 107
What are the prime factors of 85898?
2, 29, 1481
What are the prime factors of 5240?
2, 5, 131
List the prime factors of 3996.
2, 3, 37
List the prime factors of 28913.
29, 997
What are the prime factors of 4049?
4049
What are the prime factors of 1357?
23, 59
What are the prime factors of 47764?
2, 11941
List the prime factors of 24523.
137, 179
What are the prime factors of 6386?
2, 31, 103
List the prime factors of 45085.
5, 71, 127
What are the prime factors of 3089?
3089
What are the prime factors of 10788?
2, 3, 29, 31
List the prime factors of 298.
2, 149
What are the prime factors of 2197?
13
What are the prime factors of 2423?
2423
List the prime factors of 623.
7, 89
What are the prime factors of 132710?
2, 5, 23, 577
List the prime factors of 433.
433
List the prime factors of 849.
3, 283
What are the prime factors of 299?
13, 23
What are the prime factors of 874?
2, 19, 23
What are the prime factors of 1767?
3, 19, 31
List the prime factors of 11125.
5, 89
List the prime factors of 45440.
2, 5, 71
What are the prime factors of 12082?
2, 7, 863
What are the prime factors of 25227?
3, 2803
List the prime factors of 52026.
2, 3, 13, 23, 29
What are the prime factors of 108812?
2, 11, 2473
What are the prime factors of 872?
2, 109
What are the prime factors of 137?
137
List the prime factors of 23333.
23333
What are the prime factors of 6923?
7, 23, 43
List the prime factors of 1168.
2, 73
List the prime factors of 231.
3, 7, 11
List the prime factors of 23305.
5, 59, 79
List the prime factors of 18237.
3, 6079
What are the prime factors of 147?
3, 7
What are the prime factors of 1199?
11, 109
What are the prime factors of 14540?
2, 5, 727
What are the prime factors of 4793?
4793
List the prime factors of 5563.
5563
List the prime factors of 48583.
19, 2557
List the prime factors of 29709.
3, 3301
What are the prime factors of 21978?
2, 3, 11, 37
List the prime factors of 166728.
2, 3, 6947
What are the prime factors of 11811?
3, 31, 127
What are the prime factors of 3021?
3, 19, 53
What are the prime factors of 8965?
5, 11, 163
What are the prime factors of 22359?
3, 29, 257
What are the prime factors of 743?
743
What are the prime factors of 701?
701
What are the prime factors of 16540?
2, 5, 827
What are the prime factors of 186801?
3, 71, 877
What are the prime factors of 171178?
2, 7, 12227
What are the prime factors of 25175?
5, 19, 53
What are the prime factors of 47994?
2, 3, 19, 421
What are the prime factors of 597?
3, 199
List the prime factors of 56617.
11, 5147
List the prime factors of 40671.
3, 4519
What are the prime factors of 18759?
3, 13, 37
What are the prime factors of 25979?
83, 313
What are the prime factors of 619?
619
List the prime factors of 18471.
3, 47, 131
What are the prime factors of 1947?
3, 11, 59
List the prime factors of 1066.
2, 13, 41
List the prime factors of 4684.
2, 1171
What are the prime factors of 4190?
2, 5, 419
List the prime factors of 22204.
2, 7, 13, 61
List the prime factors of 49515.
3, 5, 3301
What are the prime factors of 218?
2, 109
List the prime factors of 630.
2, 3, 5, 7
What are the prime factors of 235?
5, 47
What are the prime factors of 12765?
3, 5, 23, 37
List the prime factors of 88085.
5, 79, 223
What are the prime factors of 779?
19, 41
What are the prime factors of 6846?
2, 3, 7, 163
List the prime factors of 8061.
3, 2687
List the prime factors of 596.
2, 149
List the prime factors of 11446.
2, 59, 97
What are the prime factors of 9663?
3, 3221
List the prime factors of 1403.
23, 61
What are the prime factors of 14273?
7, 2039
What are the prime factors of 7821?
3, 11, 79
What are the prime factors of 1108?
2, 277
What are the prime factors of 37209?
3, 79, 157
What are the